{"id":6146,"date":"2024-08-09T00:45:15","date_gmt":"2024-08-08T22:45:15","guid":{"rendered":"https:\/\/so-driveburger.shop\/Potennerie\/?post_type=product&#038;p=6146"},"modified":"2024-12-11T04:40:33","modified_gmt":"2024-12-11T03:40:33","slug":"double-smash-menu","status":"publish","type":"product","link":"https:\/\/so-driveburger.shop\/Marcq\/product\/double-smash-menu\/","title":{"rendered":"DOUBLE SMASH (Menu)"},"content":{"rendered":"","protected":false},"excerpt":{"rendered":"<p>Pain Brioch\u00e9 \ud83e\udd6f,Sauce Ketchup \ud83e\udd6b Moutarde Miel \ud83c\udf6f, 2 Steak fa\u00e7on bouch\u00e8re smach\u00e9s \ud83e\udd69\ud83e\udd69, Double fromage \ud83e\uddc0\ud83e\uddc0, Oignons \ud83e\uddc5, Salade \ud83e\udd6c, Tomates \ud83c\udf45, Cornichons.<\/p>\n","protected":false},"featured_media":6147,"comment_status":"open","ping_status":"closed","template":"","meta":[],"product_cat":[37],"product_tag":[],"class_list":{"0":"post-6146","1":"product","2":"type-product","3":"status-publish","4":"has-post-thumbnail","6":"product_cat-combos","8":"first","9":"instock","10":"taxable","11":"shipping-taxable","12":"purchasable","13":"product-type-simple","14":"add-to-wishlist-after_add_to_cart"},"_links":{"self":[{"href":"https:\/\/so-driveburger.shop\/Marcq\/wp-json\/wp\/v2\/product\/6146","targetHints":{"allow":["GET"]}}],"collection":[{"href":"https:\/\/so-driveburger.shop\/Marcq\/wp-json\/wp\/v2\/product"}],"about":[{"href":"https:\/\/so-driveburger.shop\/Marcq\/wp-json\/wp\/v2\/types\/product"}],"replies":[{"embeddable":true,"href":"https:\/\/so-driveburger.shop\/Marcq\/wp-json\/wp\/v2\/comments?post=6146"}],"wp:featuredmedia":[{"embeddable":true,"href":"https:\/\/so-driveburger.shop\/Marcq\/wp-json\/wp\/v2\/media\/6147"}],"wp:attachment":[{"href":"https:\/\/so-driveburger.shop\/Marcq\/wp-json\/wp\/v2\/media?parent=6146"}],"wp:term":[{"taxonomy":"product_cat","embeddable":true,"href":"https:\/\/so-driveburger.shop\/Marcq\/wp-json\/wp\/v2\/product_cat?post=6146"},{"taxonomy":"product_tag","embeddable":true,"href":"https:\/\/so-driveburger.shop\/Marcq\/wp-json\/wp\/v2\/product_tag?post=6146"}],"curies":[{"name":"wp","href":"https:\/\/api.w.org\/{rel}","templated":true}]}}